 - 35. Let v(w) = 1 + 9 - w - 16 - 2. What is v(z)?
-1
Let u(t) = 3*t**2 - 4*t + 2. Let r = -2 - -2. Suppose -2*m - 3*m + 25 = r. Suppose 4*k + 30 = m*d, -3*d + 16 = -4*k - 10. Calculate u(d).
6
Let g(i) = -17*i - 16. Suppose -39 = -3*v - 12. Let a(d) = 4*d + 4. Let r(o) = v*a(o) + 2*g(o). Calculate r(3).
10
Let t(x) = 2*x**3 - 4*x - 3. Let m(a) = -a**3 + a**2 + a + 5. Let w be m(0). Suppose -w = u - 3. Calculate t(u).
-11
Let v(q) = 5*q + 7. Let h = 75 + -81. Calculate v(h).
-23
Let j(z) = -z**3 - 3*z**2 - 2*z - 2. Let g be j(-3). Suppose -1 = g*k + u, 3*u + 0 = 2*k - 3. Let a(y) = 2 - 8 - 2*y + 3*y. Determine a(k).
-6
Let o(m) = m**2 + 7. Let z(h) = -h**2 - 6. Let r(v) = 6*o(v) + 7*z(v). Determine r(1).
-1
Let p(o) = 2*o + 1. Suppose 2*u - 30 = 12. Let j be u/(-9) - 6/9. Give p(j).
-5
Let w = 17 + -11. Let k(a) = -3*a**3 - 22*a**2 - 5*a + 3. Let j(u) = -u**3 - 10*u**2 - 2*u + 2. Let f(n) = 5*j(n) - 2*k(n). Give f(w).
4
Let z(i) = -2*i**3 + 2*i**2 + 2*i + 1. Let f be z(-1). Let c(t) = -t**3 + 3*t**2 - t + 1. What is c(f)?
-2
Let x(o) be the second derivative of -o**3/6 + 6*o. Calculate x(-10).
10
Let w(v) be the first derivative of v**3/3 - 4*v**2 + 3*v + 1. Let n be ((-24)/(-30))/(6/45). Calculate w(n).
-9
Let m(o) = o**3 + 2*o**2 + o + 2. Let y = -9 - 1. Let n = -3 + -4. Let j = y - n. Give m(j).
-10
Let p be (-3 - 0/1) + 8. Let a(q) = -q**2. Let y(g) = g**3 - 9*g**2 + 5*g + 5. Let o(m) = -3*a(m) + y(m). What is o(p)?
5
Let a(m) be the third derivative of -m**4/24 + 11*m**3/6 - 2*m**2. Let d be a(8). Let b(f) = -f**3 + 2*f**2 + 2*f - 4. Calculate b(d).
-7
Let f(i) = 1. Let k(h) = -17*h - 6. Let l(t) = -6*f(t) - k(t). Give l(-1).
-17
Let q be (2 - -10)*1/3. Let g(n) = -56*n**3 + 3*n + 3*n**2 + 55*n**3 + 2 + 0*n**2. Determine g(q).
-2
Let g(y) = 6*y**2 - y - 1. Suppose 4*b - 17 = m, b = -4*m + 23 - 6. Let l(o) = -o + 2. Let s be l(m). Determine g(s).
6
Suppose 0 = -d + 3*x + 2, 2*d + x + 10 = 7*d. Let b(a) = 2*a + 1. Determine b(d).
5
Let c(l) = -2*l**2 + 3*l - 1. Let p = -3 + 3. Suppose 9 = g + y, 4*y + p*y = -3*g + 25. Suppose 2*t = -2*t + 3*x + g, 0 = -3*x - 3. What is c(t)?
-3
Let w(x) = -114*x + 0 + 3 + 106*x + x**2. What is w(8)?
3
Let p(o) be the third derivative of -o**4/12 + o**3/6 + o**2. Let m(q) = q**2 + 8*q + 4. Let x = -14 + 7. Let c be m(x). What is p(c)?
7
Let z(l) = l + 13. Let f(m) = -m - 14. Suppose -7 = 3*v + 5. Let s(a) = v*z(a) - 3*f(a). Suppose -j - 2*d = 3*d, 4*j - d = 0. What is s(j)?
-10
Let z(l) = -4*l**2 - 3*l + 4*l + 3*l**2 + 4. Calculate z(5).
-16
Let g(k) = 4*k - 15. Let a be g(5). Let x(u) = u**2 - 6*u - 1. Give x(a).
-6
Let h(i) be the third derivative of i**5/20 - i**3/6 - 6*i**2. Suppose n = 4, -8*n = -5*r - 3*n - 25. Calculate h(r).
2
Let b(w) = w**3 - 3*w**2 - 2*w - 1. Suppose 0*a + 4*a - 16 = 0. Determine b(a).
7
Let l(i) = -4*i**2 - i + 1. Let n(b) = 7*b**2 + 2*b - 1. Let j(g) = -5*l(g) - 3*n(g). Let f = 20 + -11. Suppose -5*y + 2*o = -4, 4*y - 4*o - f = -1. Give j(y).
-2
Let z(l) = 4*l**2 + l. Let d(y) = y**2 + 5*y - 1. Let j be d(-5). Calculate z(j).
3
Let x be -6 + 0 + 1/1. Let l be ((-8)/12)/((-4)/30). Let c(b) = -4*b**2 + 36*b - b**3 - 34*b + l - b**2. What is c(x)?
-5
Let g = 6 - 3. Let b(d) = -d**g - 2*d + 5*d**2 + 2*d. Let m be 28/(-70) - ((-44)/10 - 1). What is b(m)?
0
Let z(o) = o + 8. Let f = 9 + -16. Let u = f - -7. What is z(u)?
8
Let r(l) = l - 3. Let w be r(0). Let i(y) be the second derivative of -y**5/120 - y**4/12 - y**3 + y. Let d(b) be the second derivative of i(b). Calculate d(w).
1
Let w(j) = -j**2 + 2*j - j - 1 - 2 - 7*j. Suppose 0 = -0*f - 3*f - 18. Give w(f).
-3
Let d be ((-88)/(-12))/((-2)/6). Let g be d/(-6) - (-2)/(-3). Let y = g + -1. Let x(b) = -b**2 - b - 2. Calculate x(y).
-8
Let g be 14/6 + 2/(-6). Suppose -i + g*i = 0. Let t(q) = -q**2 - 5*q + 6. Let u(o) = -2*o**2 - 11*o + 13. Let n(a) = -9*t(a) + 4*u(a). Determine n(i).
-2
Let c(g) = -44*g + 14. Let f(t) = 3 - 14*t - 6*t + 2 + 5*t. Let q(n) = 6*c(n) - 17*f(n). Give q(-1).
8
Let i = -5 + 6. Let b(u) = 9*u - 7. Let x(p) = -p**3 + 3*p**2 - 1. Let z be x(1). Let t(y) = 1. Let r(w) = z*b(w) + 6*t(w). Calculate r(i).
8
Let q = 5 + -2. Suppose -a - 20 = q*a. Let g(l) = -l**2 - 5*l - 6. Determine g(a).
-6
Let u(o) = 5*o**3 + 3*o + 10. Let t(k) = 14*k**3 - k**2 + 10*k + 30. Let p(h) = -6*t(h) + 17*u(h). Give p(-7).
4
Let x be -1 + 12/(1 + 3). Let n(l) = l**3 + x*l + 0*l + 3 - 1 + 5*l**2. Suppose 1 = -2*t - 3. Give n(t).
10
Let i(j) be the second derivative of -j**5/20 + j**4/2 - j**3 - 5*j**2/2 - 7*j. Calculate i(5).
-10
Let n(t) be the second derivative of -t**4/12 - t**3 - 5*t**2/2 - 8*t. Give n(-5).
0
Let o = -3/13 - -73/260. Let m(y) be the second derivative of -y + 0 + o*y**5 - 1/3*y**4 - 1/6*y**3 + y**2. Determine m(4).
-2
Let b(t) = t + 7. Suppose 6*r - r + 28 = -3*s, -r = -3*s + 2. Calculate b(r).
2
Suppose 0 = 5*q - 2*q + 12. Let n be (-21)/(-9) + (-2)/(-3). Let j(u) = -n + 6 + u + 0. Determine j(q).
-1
Let r(c) be the third derivative of -c**4/24 - 5*c**3/3 + 4*c**2. Calculate r(-8).
-2
Suppose 0 = 5*y + 20, -4*a + y = 7 - 39. Let d(k) = k**2 - 2*k**2 + 0*k - 4 + 7*k. Calculate d(a).
-4
Suppose -2*v - 5*b = -2, 6*b - 3*b = v - 1. Let a(r) be the second derivative of 7*r**5/20 - r**4/6 + r**3/3 - r**2/2 + r. Determine a(v).
6
Let p(x) be the second derivative of x**5/20 - x**4/12 + x**3/6 + x**2 + 12*x. Determine p(-2).
-12
Let k(j) be the third derivative of j**5/60 - 7*j**4/24 - j**3/3 - j**2. Let g(m) = 9*m - 173. Let r be g(20). Determine k(r).
-2
Let u(d) = -5*d + 20*d**3 + 3*d - 1 + d**2 + 2 - 11*d**3. What is u(1)?
9
Let l(d) = -d + 2. Let a(y) = -1. Let p(c) = 3*a(c) - l(c). Calculate p(0).
-5
Let j(n) be the second derivative of n**3/3 + 2*n**2 + 20*n. Calculate j(-6).
-8
Let l(t) = -3 + 4 - 3*t + 4*t + 0. Let j be ((-3)/(-2))/3*-4. Determine l(j).
-1
Let y(k) = 2*k + 1. Let w(p) = -p + 1. Let h(f) = 4*w(f) + y(f). Determine h(6).
-7
Let b(l) = -l. Let f(a) = 7*a - 3. Let p(i) = 5*b(i) + f(i). What is p(-5)?
-13
Let d = 23/2 - 11. Let h(o) be the first derivative of 2 + 1/4*o**4 + 5/3*o**3 + o - d*o**2. Determine h(-5).
6
Let y(u) = 4 - 4*u + u**2 - 3 - 8*u + 14*u. Determine y(-1).
0
Let y = 55 - 52. Let a(g) = -g**3 + 3*g**2 + 2*g - 1. Let u(d) = 3*d**3 - 9*d**2 - 5*d + 3. Let b(n) = -8*a(n) - 3*u(n). What is b(y)?
-4
Let q = 15 + -15. Let x(y) = y + 7. Determine x(q).
7
Let y = -11 + 4. Let n(z) = z**3 - 4*z**2 + 5*z - 8. Let o(b) = -3*b**3 + 7*b**2 - 9*b + 17. Let c(u) = -5*n(u) - 2*o(u). Give c(y).
6
Let u(z) be the third derivative of z**4/8 + z**3/3 - 9*z**2. Give u(-3).
-7
Let s(u) be the second derivative of 3*u - u**2 + 0 - 2/3*u**3 - 1/3*u**4 - 1/20*u**5. Suppose -t - 10 = 4*t. Give s(t).
-2
Let a(l) = l**2 + 4*l + 6. Suppose -7*s = -2*s. Suppose -3*x - 12 = -f + 4*f, 2*x + 5*f + 8 = s. Calculate a(x).
6
Let i(v) = -5*v**2 - 5*v. Let g(k) = 3*k**2 + 2*k. Let q(c) = -7*g(c) - 3*i(c). Determine q(-1).
-7
Suppose -2*d = 1 - 7. Let h(o) = -2 + d - 4*o + 2*o - o**2. Give h(-3).
-2
Suppose 0 = 5*z - 3*n + 30, 5*z - n = -18 - 2. Suppose -3*c + 20 = 5*v, 5*c - 23 = -v + 3*v. Let o(j) = -j**2 + 2 + 2 - v. What is o(z)?
-6
Let d(n) = -4*n - 3. Let t be d(-2). Suppose j = -4*j + 2*o - 13, t*o + 14 = -3*j. Let g(k) = k**3 - 6*k + 3*k + 0 + 2*k**2 - 4. What is g(j)?
-4
Let u(v) = v - 6. Let j = -7 - -8. Suppose 3 - 1 = 2*l. Let i = j - l. Calculate u(i).
-6
Let q(z) be the third derivative of 1/120*z**6 + 0*z - 1/24*z**4 + 0 + 3*z**2 + 2/3*z**3 + 1/60*z**5. What is q(0)?
4
Let i(j) = 14*j + 76. Let k be i(-6). Let a(p) = p**2 + 8*p - 8. Give a(k).
-8
Let u(s) = -s**2 - 4*s - 2*s**2 + s**3 + 1 + s. What is u(4)?
5
Let a(j) = -j**3 + 4*j**2 + 4*j - 2. Let q(u) be the first derivative of -2*u**3 + 1/4*u**4 + 2 + u**2 - 7*u. Let d be q(6). Determine a(d).
-7
Let a(d) = d**3 - 3*d**2 + d. Let u = 33 - 31. Calculate a(u).
-2
Let x be 18/24 - 33/12. Let g(m) = 4*m**2 - 2*m + 1. What is g(x)?
21
Let c = -8 + 4. Let d be (-13)/(-3) + c/(-6). Let m(b) = b - 3. What is m(d)?
2
Let k(v) = 6*v**3 + v**2 + 3*v - 4. Let i(h) = 7*h**3 + 3*h - 4. Let g(x) = 5*i(x) - 6*k(x). What is g(-5)?
-6
Let k = 2 + 0. Let y(h) = -6*h**2 + h + k*h**2 + 7*h**2. Determine y(-1).
2
Suppose -2*x - 2*x = 16. Suppose -2*u = -5*q - 7 + 4, 0 = -